{"id":8,"date":"2019-09-23T17:57:20","date_gmt":"2019-09-23T17:57:20","guid":{"rendered":"https:\/\/feldenkrais-hafemeister.de\/?page_id=8"},"modified":"2019-10-21T05:50:02","modified_gmt":"2019-10-21T05:50:02","slug":"datenschutz","status":"publish","type":"page","link":"https:\/\/feldenkrais-hafemeister.de\/?page_id=8","title":{"rendered":"Datenschutz"},"content":{"rendered":"\n<p>Verantwortliche:<\/p>\n\n\n\n<p>Silvia Hafemeister<br>\nKantatenweg 16<br>\n04229 Leipzig<\/p>\n\n\n\n<p>Die Nutzung dieser Website funktioniert grunds\u00e4tzlich ohne Angabe personenbezogener Daten und dient rein zu Ihrer Information.<br>\nEs werden keine Cookies oder Plug-Ins verwendet.<\/p>\n\n\n\n<p>Nach Art.6 Abs.1 lit f. DSGVO wird beim Aufruf meiner Website mit sogenannten Logfiles u.a. die anonymisierte IP-Adresse, Browsertyp u. Browserversion sowie Zeitpunkt und Dauer des Zugriffs des Nutzers erfasst und vor\u00fcbergehend gespeichert.<br>\nEine kurzfristige Speicherung der IP Adresse ist zur Nachverfolgung von Angriffen bzw. zur Gefahrenabwehr und damit zur Erf\u00fcllung des Vertrags notwendig.<\/p>\n\n\n\n<p>Sollten Sie mir freiwillig eine E-Mail senden (z.B. \u00fcber das <a href=\"https:\/\/feldenkrais-hafemeister.de\/?page_id=71\">Kontaktformular<\/a>), dann versichere ich, Ihre personengebundenen Daten nur zum Zweck der Information, Beratung oder Terminvereinbarung zu verwenden und zu speichern.<br> Die Daten werden gel\u00f6scht, sobald die Kommunikation bzw. der Behandlungsauftrag und die damit verbundene gesetzlich festgelegte Aufbewahrungspflicht beendet ist. Wenn Sie Fragen haben , wenden Sie sich bitte direkt an mich.<br> Sie haben jederzeit das Recht , der Speicherung Ihrer personengebundenen Daten zu widersprechen. Alle Daten werden in diesem Fall gel\u00f6scht. Eine Weitergabe Ihrer personenbezogener Daten an Dritte erfolgt nur mit Ihrer ausdr\u00fccklichen Zustimmung.<br> Allerdings muss daraufhin gewiesen werden, dass die Daten\u00fcbertragung im Internet Sicherheitsl\u00fccken aufweisen kann, sodass ein absoluter Schutz vor dem Zugriff Dritter nicht gew\u00e4hrleistet ist.<br> Sie haben jederzeit das Recht auf unentgeltliche Auskunft \u00fcber ihre gespeicherten personengebundenen Daten, deren Berichtigung, Sperrung oder L\u00f6schung.<\/p>\n","protected":false},"excerpt":{"rendered":"<p>Verantwortliche: Silvia Hafemeister Kantatenweg 16 04229 Leipzig Die Nutzung dieser Website funktioniert grunds\u00e4tzlich ohne Angabe personenbezogener Daten und dient rein zu Ihrer Information. Es werden keine Cookies oder Plug-Ins verwendet. Nach Art.6 Abs.1 lit f. DSGVO wird beim Aufruf meiner Website mit sogenannten Logfiles u.a. die anonymisierte IP-Adresse, Browsertyp u. Browserversion sowie Zeitpunkt und Dauer &hellip; <\/p>\n<p class=\"link-more\"><a href=\"https:\/\/feldenkrais-hafemeister.de\/?page_id=8\" class=\"more-link\"><span class=\"screen-reader-text\">\u201eDatenschutz\u201c<\/span> weiterlesen<\/a><\/p>\n","protected":false},"author":1,"featured_media":0,"parent":0,"menu_order":0,"comment_status":"closed","ping_status":"closed","template":"","meta":{"footnotes":""},"_links":{"self":[{"href":"https:\/\/feldenkrais-hafemeister.de\/index.php?rest_route=\/wp\/v2\/pages\/8"}],"collection":[{"href":"https:\/\/feldenkrais-hafemeister.de\/index.php?rest_route=\/wp\/v2\/pages"}],"about":[{"href":"https:\/\/feldenkrais-hafemeister.de\/index.php?rest_route=\/wp\/v2\/types\/page"}],"author":[{"embeddable":true,"href":"https:\/\/feldenkrais-hafemeister.de\/index.php?rest_route=\/wp\/v2\/users\/1"}],"replies":[{"embeddable":true,"href":"https:\/\/feldenkrais-hafemeister.de\/index.php?rest_route=%2Fwp%2Fv2%2Fcomments&post=8"}],"version-history":[{"count":2,"href":"https:\/\/feldenkrais-hafemeister.de\/index.php?rest_route=\/wp\/v2\/pages\/8\/revisions"}],"predecessor-version":[{"id":95,"href":"https:\/\/feldenkrais-hafemeister.de\/index.php?rest_route=\/wp\/v2\/pages\/8\/revisions\/95"}],"wp:attachment":[{"href":"https:\/\/feldenkrais-hafemeister.de\/index.php?rest_route=%2Fwp%2Fv2%2Fmedia&parent=8"}],"curies":[{"name":"wp","href":"https:\/\/api.w.org\/{rel}","templated":true}]}}